r) = -2*r - 16. Calculate z(-11).
6
Let g(d) = d**2 + 2*d - 104. Calculate g(-11).
-5
Let z(w) = w**2 + 6*w + 8. Determine z(-2).
0
Let q(m) = -20*m**3. Determine q(-1).
20
Let a(k) = k**2 + 12*k + 15. Give a(-9).
-12
Let a(y) = y**2 + 5*y + 1. Give a(0).
1
Let f(s) = -2*s**2 + 47*s - 208. Determine f(6).
2
Let m(s) = -s + 7. Give m(14).
-7
Let d(l) = l + 49. Determine d(20).
69
Let w(a) = a**3 + 9*a**2 + 10*a + 14. Determine w(-8).
-2
Let o(k) = 82*k + 323. Determine o(-4).
-5
Let r(u) = u + 15. Give r(-18).
-3
Let r(d) = -d**2 - 15*d - 10. Determine r(-8).
46
Let y(o) = 2*o - 16. Calculate y(0).
-16
Let k(v) = 14*v - 73. Give k(5).
-3
Let b(c) = c**3 - 15*c**2 + 55*c + 2. What is b(8)?
-6
Let t(v) = -2*v**2 - 5*v + 7. Determine t(2).
-11
Let z(y) = y**2 + 8*y + 1. Determine z(-3).
-14
Let h(c) = -3*c**2 - 30*c + 40. Calculate h(-11).
7
Let k(m) = -m**3 - 19*m**2 - m - 11. Give k(-19).
8
Let r(l) = l**2 + 18*l - 28. What is r(-23)?
87
Let p(u) = u**2 - 2*u - 102. What is p(11)?
-3
Let w(r) = -r - 33. What is w(0)?
-33
Let p(n) = -2*n + 16. Give p(-3).
22
Let i(l) = -4*l + 1. Give i(5).
-19
Let c(k) = -k**2 + 7*k - 6. Give c(6).
0
Let w(y) = -33*y + 107. Determine w(4).
-25
Let b(a) = 57*a + 5. Calculate b(1).
62
Let l(u) = 2*u**3 - 16*u**2 + 26*u - 6. Give l(6).
6
Let q(h) = 6*h - 84. What is q(11)?
-18
Let b(a) = -3*a - 8. What is b(-7)?
13
Let f(c) = -c**2 + 7*c + 4. Calculate f(6).
10
Let s(n) = 4*n - 24. What is s(6)?
0
Let l(a) = -5*a**2 + 3. What is l(-2)?
-17
Let w(m) = 2*m**3 + 26*m**2 + 44*m + 2. Calculate w(-11).
2
Let h(k) = -k**2 - 27*k - 45. Calculate h(-24).
27
Let s(p) = -p**3 + p**2 - 32. Give s(0).
-32
Let y(k) = -k**2 + 5*k + 13. Determine y(-6).
-53
Let y(h) = h**3 - 15*h**2 - 16*h - 1. Calculate y(16).
-1
Let p(a) = a**2 - 7*a - 13. What is p(8)?
-5
Let y(r) = 6*r + 22. Give y(3).
40
Let f(a) = -a**2 + 8*a - 42. What is f(6)?
-30
Let j(z) = z**2 - 8*z + 15. Determine j(7).
8
Let k(u) = u**3 + 10*u**2 - u + 5. Give k(-10).
15
Let s(a) = 19*a + 3. Give s(-9).
-168
Let d(b) = -b**2 - 2*b + 6. Give d(8).
-74
Let p(n) = -n**3 + 5*n**2 + 9*n + 32. What is p(7)?
-3
Let d(v) = -13*v - 3. Give d(2).
-29
Let k(t) = -t**3 + 13*t**2 - 10*t + 5. Calculate k(12).
29
Let a(b) = -25*b - 11. Calculate a(-1).
14
Let y(z) = z**3 - 1. Calculate y(1).
0
Let u(d) = 5*d**3 - 2*d - 1. What is u(-1)?
-4
Let s(b) = -11*b - 3. Give s(8).
-91
Let k(h) = -h**3 - 15*h**2 - 41*h + 8. Calculate k(-12).
68
Let c(v) = 8*v - 9. What is c(1)?
-1
Let o(d) = d**3 - 14*d**2 + 45*d - 2. What is o(6)?
-20
Let j(f) = f**3 - 9*f**2 + 17*f + 3. Give j(6).
-3
Let h(f) = -2*f**3 + 11*f**2 + 10*f - 25. Give h(6).
-1
Let v(d) = 2*d**3 + 9*d**2 - 33*d - 4. Give v(-6).
86
Let n(u) = -u**2 - 6*u - 15. Give n(-7).
-22
Let j(n) = n**2 + 8*n + 10. Determine j(-7).
3
Let j(h) = 5*h + 5. Give j(-2).
-5
Let a(x) = -2*x + 5. Determine a(5).
-5
Let h(j) = -j. Give h(-3).
3
Let l(v) = -9*v + 7. Determine l(-3).
34
Let t(a) = 5*a**2 - 3*a - 7. Determine t(0).
-7
Let t(b) = -4*b**2 - 41*b + 20. What is t(-10)?
30
Let q(i) = -i**3 - 7*i**2 + 8*i. Determine q(-8).
0
Let l(n) = -n**2 + 9*n - 7. Give l(0).
-7
Let z(d) = 6*d**3 + 3*d**2 - 3*d + 1. Calculate z(1).
7
Let t(f) = f**3 + 4*f**2 + f + 2. Calculate t(-2).
8
Let b(d) = -d**2 + 8*d - 10. Determine b(5).
5
Let u(w) = 15*w - 33. What is u(7)?
72
Let t(b) = 5*b**2 - 72*b + 17. What is t(14)?
-11
Let n(u) = -35*u - 406. Calculate n(-11).
-21
Let g(w) = 2*w + 31. Give g(-21).
-11
Let b(h) = -2*h - 24. Give b(-12).
0
Let v(a) = -5*a**2 - 159*a + 33. What is v(-32)?
1
Let a(l) = -57*l + 108. What is a(2)?
-6
Let b(k) = k**2 + 6*k + 3. What is b(-4)?
-5
Let t(x) = 25*x**3 + 2*x**2 + 2*x + 1. What is t(-1)?
-24
Let q(y) = 5*y + 80. What is q(-15)?
5
Let o(n) = -n**2 + n + 7. What is o(3)?
1
Let q(m) = m**3 + 19*m**2 + 59*m + 22. Give q(-15).
37
Let c(a) = 6*a + 1. Give c(-3).
-17
Let d(b) = -b - 19. Determine d(-13).
-6
Let z(o) = -17*o - 96. Determine z(-12).
108
Let d(c) = -c**3 + 7*c**2 - 10*c + 35. Give d(6).
11
Let c(o) = -60*o - 237. Calculate c(-4).
3
Let g(r) = r**2 + 19*r + 56. What is g(-4)?
-4
Let m(q) = -q + 8. Calculate m(6).
2
Let w(o) = 10*o - 60. Determine w(5).
-10
Let o(x) = x**3 + 17*x**2 - 4*x - 74. What is o(-17)?
-6
Let t(b) = b - 47. Calculate t(56).
9
Let q(t) = t**3 + 13*t**2 + 10*t + 11. Give q(-12).
35
Let f(o) = o**3 + 19*o**2 + 25*o. Determine f(-18).
-126
Let n(u) = -5*u + 1. What is n(3)?
-14
Let a(z) = 2*z**2 - 5*z + 5. Give a(2).
3
Let b(p) = 2*p - 6. Determine b(9).
12
Let m(c) = -3*c. Give m(-7).
21
Let d(i) = -2*i**2 + 13*i - 28. Determine d(3).
-7
Let d(v) = v**3 + 2*v**2 + 5*v + 5. What is d(-2)?
-5
Let r(b) = -17*b + 8. Calculate r(-4).
76
Let b(x) = x**3 - 3*x**2 + 3*x + 4. Give b(3).
13
Let d(k) = -k**2 + 8*k + 2. What is d(6)?
14
Let o(t) = -t**3 + 18*t**2 - 1. Calculate o(18).
-1
Let z(d) = d**2 - 11*d + 13. Give z(10).
3
Let l(h) = -2*h**3 - 11*h**2 + 8*h + 8. Calculate l(-6).
-4
Let n(a) = 2*a + 37. Determine n(-21).
-5
Let m(t) = -t**3 - 9*t**2 + t - 6. What is m(-9)?
-15
Let l(h) = -h**2 - 6*h + 8. What is l(-6)?
8
Let j(n) = 12*n**2 - 2*n - 2. Give j(-4).
198
Let w(v) = -v**2 + 58*v - 780. Give w(21).
-3
Let h(d) = -d**2 - 12*d - 9. Give h(-10).
11
Let z(a) = 6*a + 46. Calculate z(-12).
-26
Let g(o) = o**3 + o**2 + 4*o - 8. Determine g(0).
-8
Let f(a) = -9*a + 2. Determine f(2).
-16
Let l(n) = -3*n - 19. Give l(-9).
8
Let y(p) = -p**2 - 20*p - 46. Determine y(-21).
-67
Let z(b) = 2*b**2 + 3*b - 2. What is z(2)?
12
Let c(f) = -f**3 - f**2 + 4*f - 2. Calculate c(2).
-6
Let w(f) = -f**3 + 40*f**2 - 78*f + 63. Give w(38).
-13
Let p(z) = z**2 + 21*z + 89. Calculate p(-6).
-1
Let n(d) = d**3 - 7*d**2 - 9*d - 2. Calculate n(8).
-10
Let v(z) = z**3 + 4*z**2 - 7*z + 6. Calculate v(-6).
-24
Let o(q) = q**2 + 9*q - 49. Determine o(-12).
-13
Let d(x) = -x**3 + 6*x**2 + 17*x - 10. Give d(8).
-2
Let g(j) = -j**2 + 3*j + 4. Determine g(3).
4
Let a(p) = p**3 - p**2 + p + 18. What is a(0)?
18
Let d(h) = h**2 + 12*h - 8. Calculate d(-11).
-19
Let k(p) = 7*p - 1. Give k(1).
6
Let k(j) = 19*j + 13. Determine k(-3).
-44
Let w(z) = 5*z + 19. Give w(-5).
-6
Let i(k) = -k**3 + 31*k**2 - 64*k + 166. What is i(29)?
-8
Let v(t) = -t**2 - 4. What is v(-6)?
-40
Let p(f) = -f**2 - 21*f + 1. Determine p(-21).
1
Let f(g) = -3*g - 14. Determine f(-5).
1
Let h(i) = i**2 - 3*i - 8. Determine h(0).
-8
Let y(q) = -17*q + 92. What is y(6)?
-10
Let t(f) = f**3 + 25*f**2 + 27*f + 24. Calculate t(-24).
-48
Let t(w) = -13*w + 61. Calculate t(6).
-17
Let v(h) = h**3 + 10*h**2 + 18*h + 12. Give v(-8).
-4
Let r(n) = -n**3 - 5*n**2 + 18*n + 17. Give r(-7).
-11
Let v(d) = -d**3 + 3*d**2 + 17*d - 12. Give v(5).
23
Let o(f) = -f**3 - 6*f**2 - 13*f - 32. Give o(-5).
8
Let g(k) = 2*k**3 + 47*k**2 + 64*k - 52. Calculate g(-22).
-8
Let q(y) = y**3 - y**2 + y + 2. Give q(0).
2
Let g(l) = -l**3 + 6*l**2 + 18*l - 4. Determine g(7).
73
Let q(s) = -2*s**2 + 8*s + 4. What is q(6)?
-20
Let c(l) = 7*l - 54. What is c(8)?
2
Let o(j) = j**2 + 25*j + 75. Calculate o(-22).
9
Let m(a) = a**2 - 13*a + 18. What is m(8)?
-22
Let j(y) = -y**3 - 9*y**2 + 7*y - 14. Give j(-10).
16
Let p(s) = 52*s + 418. Give p(-8).
2
Let n(p) = p**3 - 9*p**2 - 2*p + 21. Give n(9).
3
Let z(k) = -k**3 + 2*k**2 + 4*k. Calculate z(3).
3
Let h(r) = r**2 - 5*r + 13. Give h(0).
13
Let n(d) = -12*d - 2. Give n(-2).
22
Let n(a) = -a. Give n(-21).
21
Let i(w) = 3*w + 13. Calculate i(-9).
-14
Let p(k) = -k**2 - 3*k + 6. Calculate p(7).
-64
Let p(j) = j**2 - 6*j + 5. Determine p(3).
-4
Let x(i) = 2*i + 3. Calculate x(-6).
-9
Let s(f) = 2*f**2 + 22*f - 8. Calculate s(-11).
-8
Let h(k) = 2*k**2 - 9*k + 21. Calculate h(5).
26
Let z(f) = -f - 11. Give z(-8).
-3
Let z(g) = 3*g + 55. What is z(-22)?
-11
Let a(d) = -d**2 - 14*d - 10. Determine a(-10).
30
Let z(u) = u**3 + 9*u**2 - 27*u - 15. Give z(-11).
40
Let s(x) = 2*x**3 + 6*x**2 + 2*x + 2. What is s(-3)?
-4
Let t(c) = -7*c. Determine t(-6).
42
Let i(p) = -2*p**2 - 4*p + 6. Determine i(2).
-10
Let f(h) = -h**3 + 20*h**2 + 21*h + 10. Give f(21).
10
Let a(p) = 5*p**3 - p**2 + 2*p - 2. Calculate a(1).
4
Let a(b) = -39*b - 197. What is a(-5)?
-2
Let d(c) = 29*c**3 + c**2 - c + 1. What is d(1)?
30
Let t(w) = -w**2 + 5*w + 6. Give t(8).
-18
Let 